 148 + l. List the prime factors of m.
2, 3, 11
Suppose 0 = -6*z + 51631 + 3983. List the prime factors of 4/(-18) + z/117.
79
Let i = -9157 - -9158. Suppose -g + 9 = -5*f, 1 = f - 0*f - 3*g. What are the prime factors of 199/(f*i*(-6)/12)?
199
Suppose -7*s + 99 = 2*s. Let u(f) = 36*f - 3. List the prime factors of u(s).
3, 131
What are the prime factors of (((-357)/(-9))/(-7)*1)/(10/(-21600))?
2, 3, 5, 17
Let l be (-16)/(-2) + 28/(-7). Suppose -34 - 1 = l*s - a, 0 = -4*s - 3*a - 23. List the prime factors of (s - -4 - -42) + -3.
5, 7
Let f(c) = -5*c**2 + 10*c**2 - 12 + 4*c**2 + 0*c**2 + c**3 - 9*c. Let n be f(5). Suppose 0 = -2*s + n - 13. What are the prime factors of s?
2, 5, 7
Let w be 3 + 35/(-11) - 158/(-22). Suppose 8*h - 271 = w*h. What are the prime factors of h?
271
Suppose q + 16 = 3*q. List the prime factors of 2/8 - (q - (-3159)/(-36)).
2, 5
Suppose y + 5*l - 1969 = 0, 0 = -15*l + 17*l - 10. What are the prime factors of y?
2, 3
Let l = 181 - 179. Suppose 0 = 2*y + 8, y = l*p + 6*y - 232. List the prime factors of p.
2, 3, 7
Suppose 3*n + 16*o - 18*o = 36754, -5*o = 5*n - 61290. List the prime factors of -1*(n/33)/(4/(-6)).
557
Suppose 247*g = 31364 + 3148267. What are the prime factors of g?
3, 7, 613
Let k(s) = 57*s + 57. Let w be (-5 - -7) + 1 + 6. List the prime factors of k(w).
2, 3, 5, 19
Let l(v) = 2*v**3 + 2*v**2 + 3*v + 256. What are the prime factors of l(11)?
31, 103
Suppose 16*j = -5*s + 19*j + 22469, 0 = 4*j - 8. Let i = 2684 - s. What are the prime factors of i/(-7) + 1 + 18/63?
2, 5, 13
Suppose 85*p = 2294662 + 1619163. What are the prime factors of p?
5, 9209
Let t = -5853 - -36272. List the prime factors of t.
19, 1601
Let h(j) = 7*j - 102. Let c(x) = -11*x + 153. Suppose -3*n - 17 = -2*t, 0 = t - 1. Let f(r) = n*c(r) - 7*h(r). List the prime factors of f(25).
3, 11
Let j(i) = -124*i - 71. Let y(u) = 3*u + 1. Let b(w) = -j(w) + 5*y(w). List the prime factors of b(5).
3, 257
Let q(u) = -u**3 - 6*u**2 + 4*u - 20. Let v be q(-7). What are the prime factors of -29 - -26 - 54*v*-1?
3, 17
Suppose 3*l - 2*l - 3 = -3*j, 3 = 3*j. What are the prime factors of (-7130)/(-15) - (3/9 + l)?
5, 19
Let a be 88/(-66) + 82/3. Let o be (-285)/6 + (-3)/(-6). Let y = a - o. List the prime factors of y.
73
Let c(x) = 7*x - 11. Suppose u - 4 = 0, 88 = q + 4*u - u. Let n = q - 67. What are the prime factors of c(n)?
2, 13
Let a = -153 + 155. Suppose x = 8*d - 3*d + 30, 5*d + 85 = a*x. What are the prime factors of x?
5, 11
Suppose -2*i = -5*i - 885. Let f be (-140)/(-260)*-13 + (-2*1 - 517). Let u = i - f. What are the prime factors of u?
3, 7, 11
Let r = 4969 - 813. Suppose r = 24*u + 52. List the prime factors of u.
3, 19
What are the prime factors of -16 + 12101 + 0 + -12?
12073
Suppose t - 8*w + 6790 = -5*w, 3*t - w = -20370. What are the prime factors of (-9)/(-18)*t/(-7)?
5, 97
Suppose -19 = 2*k - 11. Let s be 25/(-50) - 18/k. Suppose -71 - 21 = -2*i + 4*r, s*r - 16 = 0. List the prime factors of i.
2, 3
Let u be (1 + 5)*1368/27. Let s = u - 101. List the prime factors of s.
7, 29
Let c(r) be the third derivative of r**5/60 + r**4/2 - 3*r**3/2 - 7*r**2. Let x be c(12). Suppose 4*g = -3*k + x, k + k = 10. What are the prime factors of g?
2, 3, 11
Let k(t) = -281*t + 24. Let u be k(-2). Suppose 2*z - 158 = u. What are the prime factors of z?
2, 3, 31
Suppose 2*d + 8 = 2*t, 2*d - d - 5 = -2*t. Suppose t*s - 151 = -5*o + 2434, -o + 517 = 3*s. What are the prime factors of o?
11, 47
List the prime factors of ((-20497092)/891)/((-8)/12) + (-2)/(-18).
11, 3137
Suppose 0 = -4*q - 5*w + 29517 - 727, -4*q = w - 28798. Suppose q = 7*d - 899. What are the prime factors of d?
13, 89
Let s = 9 - 9. Suppose t + t = s. Suppose 5 = -y - 4*r - 1, t = 2*y - 3*r - 10. What are the prime factors of y?
2
Let c = 25 + -20. Suppose 3*l - 10 - c = 0. List the prime factors of (l + -3 - 10)*-6.
2, 3
Let t(b) = 7*b**3 + 3*b**2 - 5*b + 6. Let z(k) = -13*k**3 - 5*k**2 + 9*k - 12. Let f(m) = -11*t(m) - 6*z(m). Let v be f(4). List the prime factors of 4/12*3*v.
2, 13
Let n(w) = 3*w**2 - 170*w - 236. What are the prime factors of n(-65)?
83, 283
Let d = -3447 + 1929. List the prime factors of 4487/(-46)*-2 - (-132)/d.
3, 5, 13
Suppose -30798 = 16*u - 20*u - 5*t, 2*u - t = 15392. List the prime factors of u.
43, 179
Suppose 3*d - 5*v = 8*d - 20, 5*v - 10 = -3*d. Let b be d/(40/4)*0. Suppose 4*s - s + 2*u - 149 = b, -u = -4. What are the prime factors of s?
47
Let w = 2257 + 8909. List the prime factors of w.
2, 3, 1861
Let z = -704 - -713. Suppose -3*r + 4*j - 34 = 0, -2*r + j = -j + 22. What are the prime factors of (195/r)/(z/(-12))?
2, 13
Let r(i) = 1436*i**3 + 120*i - 120. What are the prime factors of r(1)?
2, 359
Suppose 16*i = 4*i + 320208. Suppose 53*x - 11052 - i = 0. What are the prime factors of x?
2, 89
List the prime factors of ((-60)/(-40)*(-8)/18)/(4/(-27246)).
19, 239
Let m(w) = 40*w - 22. Let o be m(11). Suppose -s - 2*s + 1256 = -5*c, s - c = o. List the prime factors of s.
3, 139
Let t = 5142 + -3063. Let w(r) = 2*r + 24. Let i be w(-9). Suppose -i*c = -15*c + t. What are the prime factors of c?
3, 7, 11
Let u(a) = 1833*a**3 + 17*a**2 - 39*a + 1. What are the prime factors of u(3)?
2, 41, 151
Let d(f) = -f**2 - 23*f + 10. Let w be d(-23). List the prime factors of (15/w)/((-3)/8) + 202.
2, 3, 11
Suppose 16 = 5*v - 2*u + 167, -4*v = -2*u + 122. Suppose -4*s + a + 443 = -s, -s - 5*a = -121. Let r = s + v. What are the prime factors of r?
3, 13
Let o(f) = f + 8. Let s be o(-3). Suppose 2*i = -s*q - 9, -1 = -5*q - i - 8. List the prime factors of (q - (-26)/(-4))/(3/(-36)).
2, 3, 5
Suppose 2*o - 5*h = -6*h + 314, -2*o + 322 = -h. Let w = o - -588. List the prime factors of w.
3, 83
Let x be (-2)/(-7) + 328/28. Suppose -c - 2*q + x + 16 = 0, 4*q + 52 = c. Suppose 39*a - 792 = c*a. What are the prime factors of a?
2, 3, 11
Let u(j) = -j**3 + 3*j**2 + 3*j + 22. Let o = -897 + 889. List the prime factors of u(o).
2, 3, 13
Suppose -3*t - 4933 = -2*d, 0 = -2*d - 3*t + 5472 - 509. Let o = -1459 + d. What are the prime factors of o?
5, 7, 29
Suppose 0*k - 3*k - w + 144413 = 0, -6*k + 3*w = -288816. List the prime factors of k.
37, 1301
What are the prime factors of ((-18)/5)/(16*(-1)/26160)?
2, 3, 109
Let b(v) = -v**2 - 22*v - 22. Let d be b(-21). List the prime factors of ((d - -8) + -6)/(1/574).
2, 7, 41
Let m = 55802 - 25098. List the prime factors of m.
2, 19, 101
Suppose -54233 - 10343 = -3*r - 4*u, 5*u + 25 = 0. List the prime factors of r.
2, 7, 769
Let k(r) = 1 + 124*r + 31 + 17. What are the prime factors of k(3)?
421
Suppose 914 = 3*f - 1420. Let p = -531 + f. What are the prime factors of p?
13, 19
Suppose 5*c - 2*v - 1657 = 0, v + 297 = 2*c - 366. Let q = c - 272. List the prime factors of q.
59
Suppose 25 = -619*x + 624*x. Suppose 2*z - 3032 = -x*a - 2*z, 3*a = -4*z + 1824. What are the prime factors of a?
2, 151
Suppose -5*v = 2*w - 18, -v - 14 = -5*w + w. Suppose -w*u = -0*n + n - 46, 2*u = -5*n + 14. List the prime factors of 2154/u - (-2)/4.
2, 3, 5
Let b = 1917 + -583. Let m = b + -903. What are the prime factors of m?
431
Let o(v) = 94*v**3 + 2*v - 1. Suppose 0 = q - 4 + 58. Let k = 55 + q. List the prime factors of o(k).
5, 19
Let g(q) = 2*q + 15. Let r be g(-8). Let l be r/2*2 + -12 + -16. Let v = l + 110. What are the prime factors of v?
3
Let f = 567 + -328. Let i(y) = -67*y - 1209. Let t be i(-20). Let u = f - t. List the prime factors of u.
2, 3
List the prime factors of (-4)/1 + 33368/(6 + 2) + 2.
11, 379
Let b(r) = -r**2 + 19*r - 6. Let j be b(19). What are the prime factors of j/(-33) + (12255/55 - -6)?
229
Let s = 82 + -71. Let v = -114 + s. Let q = -15 - v. List the prime factors of q.
2, 11
Suppose 0 = -2*j + 4*g + 136, 4*j - 199 - 61 = -4*g. Let y be ((-368)/(-12))/(-1*4/j). List the prime factors of y/(-9) + (-2)/(-36)*-4.
2, 7
Let x(h) = -h**3 - 33 + 110 - 59 - 15*h + 0*h**3 + 16*h**2. What are the prime factors of x(12)?
2, 3, 23
Suppose -5*d + 33045 = -655. List the prime factors of d.
2, 5, 337
Suppose 5*m - 19505 = -3*a, 5*a - 1118*m + 1123*m = 32495. What are the prime factors of a?
3, 5, 433
Let r be (-36)/(-126) + (-150)/(-14). Suppose -r*g - 1 = -23. Suppose 0 = -g*u - u + 195. What are the prime factors of u?
